vided by 26?
23
Suppose x - 37 = -5*j - 3*x, -3*j = -5*x. Let d = 0 - j. Let g(n) = -n**3 - 6*n**2 - 6*n. Calculate the remainder when 24 is divided by g(d).
4
Let i = 596 + -152. What is the remainder when (1/(-3))/((-4)/i) + -2 is divided by 9?
8
Suppose 5*j = 8*j + 6. Calculate the remainder when (11 - 13)/(j/(-62)*-2) is divided by 11.
9
Let q be (-4780)/(-12) - 3 - 6/(-9). Suppose 0 = -q*u + 398*u - 362. Calculate the remainder when u is divided by 26.
25
Suppose p + 0*p = -5*t + 39, -4*p = t - 61. Suppose 64 = 5*n + p. Let i = 32 - 13. Calculate the remainder when i is divided by n.
9
What is the remainder when (-33)/(-33)*(62 - 3) is divided by 15?
14
Let m(b) = b**2 - 14*b. Let i be m(12). Let f = -14 - i. Calculate the remainder when 62 is divided by (6/f + -2)*-15.
20
Suppose -4*s = -3*z - 0*z - 41, 3*s - 3*z - 33 = 0. Suppose 2*o + 3 + 3 = 0. Let q = o + 6. Calculate the remainder when s is divided by q.
2
Let x = 18 + -12. Suppose 0 = -3*v + x*v - 42. Calculate the remainder when 26 is divided by v.
12
Calculate the remainder when 1/((-1)/35*-5) is divided by 2.
1
Let z(p) = 5*p - 5. Let l be z(2). Suppose 0 = 2*b - 2*f - 42, l*f = 3*b - 34 - 35. Suppose -5 = -6*d + 5*d. Calculate the remainder when b is divided by d.
3
Suppose -7*r + 50 + 104 = 0. What is the remainder when 549 is divided by r?
21
Calculate the remainder when 60/8 + (-3)/6 is divided by 1.
0
Let z(h) = h**2 - 10*h + 4. Calculate the remainder when 44 is divided by z(13).
1
Suppose 16*n - 78 = 10*n. Calculate the remainder when 324 is divided by n.
12
Let i = -2 + 121. What is the remainder when i is divided by 15?
14
Suppose 9 = 4*l - 5*s, 4*l + 39*s - 34*s = 39. What is the remainder when l is divided by 5?
1
Let p be ((-15)/(-5))/(0 - -1). Suppose p*y = 3*v - 102 - 72, -118 = -2*v + y. What is the remainder when v - (-1 + 3 + -5) is divided by 16?
15
Suppose -5*y + 89 = 3*j, -j + 0*j - 3*y = -35. Suppose -b = -3*c + 332, -478 = -4*c - b - 26. What is the remainder when c is divided by j?
20
Let w be (-65)/(-15) + 1/(-3). Calculate the remainder when w/(-5) + (-174)/(-5) is divided by 10.
4
Suppose 2*i - 238 = -4*v, -3*i - 156 = 3*v - 6*v. Calculate the remainder when v is divided by 16.
9
Let o be 65 + (-80)/(-50) + 2/5. Let z = o - -13. Calculate the remainder when z is divided by 28.
24
Suppose -6*w + 3*w = -x + 5, -4*x + 4 = 4*w. Suppose f - 8 = -0*o - o, -4*o + 40 = x*f. What is the remainder when 59 is divided by o?
11
Let i(j) = j**3 - 35*j**2 - j + 42. What is the remainder when 235 is divided by i(35)?
4
Let r = -13 + 21. What is the remainder when 4 is divided by (3*-2)/((-16)/r)?
1
Let p(g) = g**3 - 6*g**2 + 6*g - 7. Suppose 2*z + 12 = 4*z. Suppose 522 = -70*i + 31*i + 3876. What is the remainder when i is divided by p(z)?
28
Let i(c) = 13*c - 28. Suppose -5*g + 25 = -0*g + 5*k, 25 = 3*g - 2*k. What is the remainder when i(g) is divided by 13?
11
Suppose -85*j + 1038 = -3977. What is the remainder when 117 is divided by j?
58
Let h = 153 - 128. Calculate the remainder when 44 is divided by h.
19
Suppose 0 = -3*i - 1 + 7. Suppose 5*k = i*k. Suppose k = -2*o + 10 + 4. What is the remainder when 12 is divided by o?
5
Suppose -5*b = 3*w - 27, 3*b = 5*w - 10 - 1. Suppose 42 = -b*y - 45. Let h = 2 - y. What is the remainder when 122 is divided by h?
29
Calculate the remainder when (249/(-9))/((-15)/(-9) - 2) is divided by 28.
27
Suppose -5*v + 180 = 5*b, 3*b = 2*v + v - 114. What is the remainder when v is divided by 34?
3
Suppose l + 10 = 2*f, l = 2*l + 4*f - 8. What is the remainder when 3/l + (-19297)/(-92) is divided by 42?
41
Let m = -31 + 24. Let t(j) = 2*j**2 + 7*j - 10. Suppose -v = -0*v - 10. What is the remainder when t(m) is divided by v?
9
Let b(t) be the first derivative of 10*t**3/3 + t**2 - 4*t + 5. Let u be b(2). Suppose m + u = 6*m. Calculate the remainder when 20 is divided by m.
4
Let i = -2 - -13. What is the remainder when (-4)/14 - (-321)/21 is divided by (-33)/i - 2*-6?
6
Let g be (-36)/(0 - 3)*1. Suppose 3*q + q - g = 0. Let l = -16 - -24. Calculate the remainder when l is divided by q.
2
Let j(l) = 30*l**2 + 49*l - 9. Let c = -114 - -164. What is the remainder when c is divided by j(-2)?
11
Let t(v) = 15*v + 6. What is the remainder when 356 is divided by t(2)?
32
Suppose -2*q + i + 3*i + 92 = 0, 1 = -i. Let j = q - -3. What is the remainder when j is divided by 12?
11
Suppose -2*b = -2*n + 128, -2*n + 194 = b + 72. Calculate the remainder when 102 is divided by n.
40
Let f(x) = -158*x**3 - x**2 + 23*x + 24. Let m = -28 + 60. What is the remainder when f(-1) is divided by m?
30
Suppose -4*q - 3*f + 29 - 109 = 0, -2*f = 4*q + 84. Let h be 39 + 0 + 4/(-4). Let o = h + q. Calculate the remainder when 27 is divided by o.
12
Suppose 7*v - 9*v = -32. What is the remainder when 62 is divided by v?
14
Suppose 2*q - 2*u = -4*u + 14, -5*u = -3*q - 19. Suppose q*j = -2*r + 90, 0 = -2*j - r + 6*r + 69. What is the remainder when 209 is divided by j?
41
Let z(p) = 2*p**3 + 2*p**2 + 2*p + 1. Let b be z(-2). Let t = b - -6. Let a(s) = s**2 + s + 1. Calculate the remainder when 60 is divided by a(t).
18
Suppose -q = -6*q - 25, 0 = 4*o - 2*q - 162. Suppose -m + o = 11. Calculate the remainder when m is divided by (90/24)/((-3)/(-8)).
7
Suppose 2*s + 47 = 11. Let r = -10 - s. Calculate the remainder when r is divided by 5.
3
Let p(o) = 92*o**3 - o**2 - 2*o + 2. Let d be p(1). Let m = d + -165. What is the remainder when -3*-1*m/(-6) is divided by 13?
11
Calculate the remainder when 169 is divided by (-94)/(-705) - (-643)/15.
40
Let j(n) = -n**2 + 39*n + 15. What is the remainder when 70 is divided by j(0)?
10
Let j = -353 - -183. Calculate the remainder when ((-140)/105)/(j/(-174) - 1) is divided by 16.
10
Let f(o) = 32*o + 376. Calculate the remainder when f(-7) is divided by 39.
35
Let g(y) = -y**2 - 8*y + 13. Let x = -25 + 86. What is the remainder when x is divided by g(-8)?
9
Suppose -5*p + 2498 = 1853. Calculate the remainder when 220 is divided by p.
91
What is the remainder when 51 is divided by -24*(35/(-4))/7?
21
Let v(l) = -l**2 - 38*l + 31. What is the remainder when 463 is divided by v(0)?
29
Let p(d) = -d**2 - 7*d + 5. What is the remainder when 35 is divided by p(0)?
0
Suppose -2*z - 139 = -4*z - k, z + 5*k = 83. Calculate the remainder when 195 is divided by z.
59
Suppose -3*p = 4*p - 462. Suppose 2*h - 41 = -o, -h + 4*h + 3*o = p. Calculate the remainder when 111 is divided by h.
16
Suppose -2*x - 4*h = 2, 10 = 2*x + 4*h - 3*h. Let q(d) = d**2 + 1. What is the remainder when x is divided by q(1)?
1
Suppose -1 = -c + 9. Suppose c = 2*u, -2*z + 155 = 3*z - 2*u. What is the remainder when z is divided by 18?
15
Let v(x) = x**2 + 3*x - 3. Let d(b) = -7*b + 4. Let r be d(1). What is the remainder when ((-2)/r)/(3 + (-445)/150) is divided by v(2)?
6
Let l(h) = -h - 5. Let d be l(-15). Suppose a - d = 5*p, -4*p = 2*a - 4*a + 8. Calculate the remainder when 36 + (p + -1)*-1 is divided by 14.
11
Let b = -244 - -267. What is the remainder when 38 is divided by b?
15
Let h be (-2 - -1)*-1*2. Suppose -h*k + 60 = 2*p, -3*k = 2*k + 10. What is the remainder when p is divided by 17?
15
Suppose 2*m + 41*n - 42 = 36*n, -2*n - 21 = -m. What is the remainder when m is divided by 3?
0
Let b = 135 - 50. Calculate the remainder when 282 is divided by (-194)/(-10) - 34/b.
16
Suppose 11*a = 6*a + 515. Let v = a - 68. Calculate the remainder when 138 is divided by v.
33
Let y(k) = -k**3 + 10*k**2 - 11*k + 24. Calculate the remainder when 48 is divided by y(9).
0
Let o(f) = -f - 4. Let w be o(-6). Suppose -w*z + 19 + 11 = 0. Let r = 23 + -17. Calculate the remainder when z is divided by r.
3
Let r = 243 + -133. Calculate the remainder when r is divided by 31.
17
What is the remainder when 15/(-135) - (-1486)/9 is divided by 53?
6
Let u = 13898 - 13855. What is the remainder when u is divided by 1/(-1) - (-11 + -1)?
10
Suppose -4*h + 9*h = -4*x + 881, 1 = h. Calculate the remainder when x is divided by 74.
71
Suppose -52 = -8*k + 10*k. Let v = -83 - -38. Let w = k - v. Calculate the remainder when 56 is divided by w.
18
Calculate the remainder when 78 is divided by (-15 - -9 - 0) + 29.
9
Suppose z - 356 = -2*d, 2*z - 616 = -3*d + 98. Calculate the remainde